3. List the prime factors of a(-6).
3, 107
List the prime factors of (-8)/(-12)*1116/8.
3, 31
Let j(t) = 4*t - 10. Let b(c) = -3*c + 10. Let k = 8 + -5. Let v(w) = k*b(w) + 2*j(w). List the prime factors of v(0).
2, 5
Let c(u) = 25*u - 2. List the prime factors of c(2).
2, 3
Let w(b) = -b**3 - 2. Let k be w(0). List the prime factors of (-4 - k - -1) + 3.
2
Let m = 128 + -78. List the prime factors of m.
2, 5
Let v(c) be the third derivative of 0*c - 5/6*c**3 - 7/24*c**4 + 0 - 1/12*c**5 - 1/120*c**6 + 3*c**2. What are the prime factors of v(-4)?
7
Suppose 4*f + f = -10. What are the prime factors of 2/(f - 0) - -3?
2
Let r be (-4)/(-1*(-4)/(-2)). Suppose 4*v - 22 = -m + r*m, -2*v - 2*m + 6 = 0. Suppose -o + 0*o + 64 = v*y, 3*o + 3 = 0. What are the prime factors of y?
13
Suppose -g - 218 = -2*t + 3*g, -3*t + 300 = 3*g. What are the prime factors of t?
103
Suppose -9 = -5*r - 2*i, 3*r - r - i - 9 = 0. Suppose r*g - 72 = -3. List the prime factors of g.
23
Let x(i) = i**3 + 5*i**2 + 15 + 3*i - 10*i**3 + 0*i. Let t(h) = 5*h**3 - 3*h**2 - h - 8. Let p(s) = 7*t(s) + 4*x(s). List the prime factors of p(-3).
7
Suppose -6*p + 168 = -2*p. List the prime factors of p.
2, 3, 7
Let u(k) = -4*k. Suppose -2*j + j = 1. What are the prime factors of u(j)?
2
Suppose -2*u = -2*h + 34, 3*h + u - 66 = -u. List the prime factors of h.
2, 5
Let n be -23 - (-1 + 3) - -1. Let k be (n/15)/((-2)/(-15)). What are the prime factors of (-8)/3*27/k?
2, 3
Let o be 33/(-2)*6/(-9). Suppose -3*t = -3*s, -3*s - 4*t = -3 - o. What are the prime factors of 0 + -1 + s + 1?
2
Suppose -70 - 18 = -4*u + 2*b, u - 2*b - 16 = 0. Suppose -12*t - u = -13*t. List the prime factors of t.
2, 3
Let p(r) = 93*r**2 + r - 2. List the prime factors of p(1).
2, 23
Suppose 38 = -4*i + 3*u - 15, -5*u - 5 = 0. Let g = i - -29. List the prime factors of g.
3, 5
Let k(a) = -a**2 - 8*a - 3. Let l be k(-6). Suppose l*h - 4*h + 5 = 0, -h - 61 = -5*p. What are the prime factors of p?
2, 3
Let j = -68 + 147. List the prime factors of j.
79
Let g(v) = -v**2 - 6*v - 6. Let l be g(-6). Let j(k) = -k - 6. Let q be j(l). Suppose -3*o + 30 + 0 = q. List the prime factors of o.
2, 5
Let i(w) = w**2 - 5*w + 6. Suppose 6 = -2*p + 3*p. List the prime factors of i(p).
2, 3
Let p(z) = 7*z + 20. Let s(n) = -2*n - 17 - 9*n - 13. Let y(m) = 8*p(m) + 5*s(m). List the prime factors of y(-5).
5
Suppose 2*s - 144 = 4*y, -3*y - 382 = -5*s - 4*y. Suppose 2*z - 6*z + s = 0. List the prime factors of z.
19
Let x be (-20)/(-5)*2/4. Let a be -1*(-2 + 1) + x. Let n = 8 + a. List the prime factors of n.
11
Let p(x) = -13*x - 37. List the prime factors of p(-9).
2, 5
Let c(g) = -4*g + 19. List the prime factors of c(-9).
5, 11
Let k(f) = f**2 - f - 5. Suppose 4*v - 4 = -0*v + 3*a, -3*v + 32 = 5*a. What are the prime factors of k(v)?
7
Let s(n) = 2*n**2 + 7*n + 10. List the prime factors of s(-5).
5
Suppose -29 = -4*a + 4*p + 3, -3*p = -5*a + 34. Suppose 3*q = a*r + 8, 24 = 3*q + r + 2*r. What are the prime factors of q?
2, 3
Let i = -6 + -1. Let f = i + 20. What are the prime factors of f?
13
Suppose -4*m + 220 = -4*v, 0 = 5*m - v - 0*v - 291. What are the prime factors of m?
59
Suppose 7 + 1 = v. Let g(t) = -t - 2*t**2 + v*t + t**2 + 3. List the prime factors of g(6).
3
List the prime factors of (-78)/4*(-6)/9.
13
Let u be (-18)/27*114/(-4). Suppose 2 = 3*c - u. What are the prime factors of c?
7
Let p(o) = -o**3 - 2*o - 1. Let s be p(-2). Let c(b) = 3*b**2 + 3*b + 1. Let g be c(-3). Let r = g - s. List the prime factors of r.
2
Let z(b) = -b**2 - 6*b + 77. What are the prime factors of z(0)?
7, 11
Let m(l) be the second derivative of l**4/12 - l**3/2 - l**2 + 2*l. What are the prime factors of m(5)?
2
Suppose 4*o = -6*o + 2710. What are the prime factors of o?
271
Let a(z) = -7*z**3 - 2*z**2 + 1. Let l be 0/(-1 + 2/1). Suppose 3*m + l = -3. What are the prime factors of a(m)?
2, 3
Let m(t) be the first derivative of -t**2/2 + 5*t + 2. Let i be m(0). List the prime factors of (-1 + i)*14/8.
7
Suppose -4*c - 2*h + 53 = -7*h, 79 = 5*c - 2*h. What are the prime factors of c?
17
Let f(h) = h - 2. Let a be f(5). Let p = 7 - a. Suppose 0 = -5*b + 2*t + 25, 0*b - 2*b - 14 = p*t. What are the prime factors of b?
3
What are the prime factors of (-4)/14 + 568/28?
2, 5
Let n(k) = -k**2 + 11*k - 3. What are the prime factors of n(5)?
3
Suppose 1030 = 14*c - 4*c. List the prime factors of c.
103
Let l(i) = -i**2 + 24*i + 7. What are the prime factors of l(17)?
2, 3, 7
Let b(f) = -f + 7. Suppose -4*t + 4*y = 4 - 20, -3*t + 18 = 3*y. Let m be b(t). Suppose 3*x + 3 = 3*d - m*d, 5*x + 35 = 5*d. List the prime factors of d.
3
Suppose 4*f + 39 = 4*o + 103, 5*o = -10. List the prime factors of f.
2, 7
Let t = -22 - -22. Suppose -176 = -5*j - u, 4*u - 1 - 3 = t. List the prime factors of j.
5, 7
Let w(u) = -14*u**3 - 14*u**2 - 56. Let f(c) = -5*c**3 - 5*c**2 - 19. Let m(y) = -17*f(y) + 6*w(y). Let k be m(0). Let a = 4 - k. List the prime factors of a.
17
Let f = 292 + -24. List the prime factors of f.
2, 67
Let q(k) be the third derivative of k**4/8 + k**3/2 + 6*k**2. List the prime factors of q(11).
2, 3
Let t = 27 - 22. List the prime factors of t.
5
Suppose 5*r - 171 = 109. List the prime factors of r.
2, 7
Suppose 0 = -2*c + 6*c. What are the prime factors of (-2)/(c - -2) + 19?
2, 3
Suppose -4*v + 25 = -211. List the prime factors of v.
59
Suppose 5*x = 8 + 17. Let g = 4 + x. What are the prime factors of g?
3
Let n(y) = -y**3 + y - 8. Let x be n(0). Let v be (3/(-6))/(2/x). Suppose -3 = -v*z + 13. List the prime factors of z.
2
Let y be (-2)/(-7) - (-90)/(-21). What are the prime factors of 235/15 + y/6?
3, 5
Let j(g) = -2*g**3 - 16*g**2 - 7*g + 8. What are the prime factors of j(-8)?
2
Let f(o) = -3*o + 4. Let y be f(6). List the prime factors of 35*(24/y)/(-2).
2, 3, 5
Let g = -8 + 12. Let z be g/16 - (-3)/4. Suppose 31 = 3*f - w + z, -5 = -f + 2*w. List the prime factors of f.
11
Let b = 1 - 0. Let g be (-2)/1 - (0 - b). Let m(p) = -12*p - 1. List the prime factors of m(g).
11
Let x = 19 + 0. Suppose -x = -3*s + w - 0, 4*s = -2*w + 22. What are the prime factors of s?
2, 3
Suppose 225 = 5*m + k, -m + 5*m = -2*k + 174. List the prime factors of m.
2, 23
Suppose -4*y + 58 = -2*y. What are the prime factors of y?
29
Suppose f - 5*b = 11, -f - 34 = f + 4*b. What are the prime factors of (-219)/f - (-4)/(-12)?
2, 3
Suppose 3*u - 332 = -2*o, 0 = -3*o + o - 5*u + 332. What are the prime factors of o?
2, 83
Suppose 0 = -3*u + 9 + 3. What are the prime factors of u?
2
Let u(w) = -w + 2. Let p be u(6). Let f = 6 + p. Suppose 6 = f*j - j. What are the prime factors of j?
2, 3
Let o = -24 - -40. Let h = o + 3. List the prime factors of h.
19
Let o = -6 + 25. Suppose 2*r + 10 = 7*r, -5*i - r = -82. Suppose o + i = 5*u. List the prime factors of u.
7
Suppose 2*j + 5*n = 72, -4*n + 163 = 5*j - 0*j. List the prime factors of j.
31
Suppose -5*y - 137 = -u, -2*u + y + 341 = u. List the prime factors of u.
2, 7
Suppose -50 = -5*u - 3*f + 2*f, 0 = -3*f. Suppose u = 3*z - 14. What are the prime factors of z?
2
Let q(z) = -z**3 + 2 + 4*z + 5*z**2 - z**2 - z**2. Let c be q(4). Suppose -4*j + 22 + c = 0. What are the prime factors of j?
2, 3
Suppose -10*s - 135 = -1445. What are the prime factors of s?
131
Suppose q = -5*f - 3*q, -5*f = 2*q. Let c = -2 + f. List the prime factors of (-2)/(c/(-3)) - -19.
2
Let i(d) = d**2 - 1. What are the prime factors of i(3)?
2
Let z(j) = j**3 - 4*j**2 + 3*j. Let a be z(3). Suppose i + i - 24 = a. Let p = i + -1. What are the prime factors of p?
11
Suppose -4*c - 136 = -4*o, 2*c = 3*o - 52 - 53. What are the prime factors of o?
37
Let a(i) = -5*i + 35. List the prime factors of a(-15).
2, 5, 11
Suppose 4*f - 4 = 2*p, 5*p + 0 - 6 = 2*f. List the prime factors of f*(-4)/((-24)/51).
17
Let v(g) = -5*g**3 - 5*g**2 - 6*g. Let b(u) = -6*u**3 - 4*u**2 - 6*u + 1. Let d(w) = 4*b(w) - 5*v(w). Let q be d(-8). List the prime factors of 8/(-2)*(-25)/q.
5
Let k(a) = -a**3 - 4*a**2 + a + 3. Let p be k(-4). Suppose -y - 4*u = -3*y + 36, 5*y + 4*u - 48 = 0. What are the prime factors of y/2 - p - -2?
3
Let z = -55 + 120. What are the prime factors of z?
5, 13
Let i = 26 - 25. Let a(d) = 11*d**3 + d**2 - 2*d + 2. What are the prime factors of a(i